 -19)) + -20
-27
87 - (-32 - -75 - -68)
-24
8 + (-14 - -23 - 18) - (0 + 4)
-5
What is 75 + (-14 - -16 - 22)?
55
Calculate (-16 - -6) + 77 - 24 - -2.
45
Evaluate 22 + -8 + (24 - (10 + -1)).
29
What is the value of (-10 + 26 - 5) + 10 + 36?
57
Evaluate 6 + 286 + -279 + 91 + -1 - 3.
100
Calculate 3 - -7 - 5 - -42 - (-320 + 328).
39
-71 - ((0 - 3) + (-33 - -22 - (-8 + 5)))
-60
Calculate (21 - (22 + -12)) + (29 - (3 + -2 + -15)).
54
What is the value of 17 - ((-9 - (-33 + 5)) + -29 + 14)?
13
What is -76 + -12 + -39 + 55 + -21?
-93
Calculate (4 - 5) + -12 + -3 + 22.
6
Calculate -4 - 0 - (412 - 440).
24
What is the value of 87 + (-6 - 13 - -25) + -8 + -12?
73
Evaluate -111 + 221 + -37 - 183.
-110
Calculate (-197 - -228) + (-2 - -58) - 30.
57
What is 35 - 61 - (3 + (7 - 3 - 13))?
-20
93 + -113 - (48 - 1 - 3)
-64
What is the value of -10 - 0 - (-3 + (12 - (48 - 19)) - -19)?
-9
Calculate (84 - 36) + -96 - (1 + -27).
-22
Calculate (559 - 524) + -2 + -42.
-9
Evaluate -13 + 1 + 0 + (-67 + 31 - (-23 - -62)).
-87
What is the value of -3 + (28 - (61 + -6))?
-30
What is -49 + (37 - -5) - 17?
-24
Evaluate (-4 - (4 + 0)) + (-66 - -81) + -13.
-6
-103 + (55 - -122) + -41
33
What is the value of (-1 - -1 - -15) + (56 - -62 - 136) + -68?
-71
What is the value of -60 + (22 - (0 + -2 + -24 + 28))?
-40
What is (-11 - 3 - -22) + (2 - (14 - 7))?
3
Evaluate (69 - (4 + 101)) + 163.
127
Evaluate 2 - (2 + 0 + 1067 + -1014).
-53
Evaluate -7 + (-19 + 17 - -17) + -18 + -63.
-73
What is (22 - -2) + 3 + -88 + 84 + -3?
20
What is -58 - (35 - 35 - (23 - 4))?
-39
Evaluate -71 - (-9 - (-19 + (1 - 6)) - 15).
-71
-365 + 284 - ((4 - 17) + (-6 - -3))
-65
Calculate -166 - -86 - -198 - 81.
37
Calculate (9 - 19 - -6 - -19) + (-2 - 0).
13
-7 - (-42 + (51 - -5))
-21
Calculate 107 - (-14 + 18) - (-150 + 183).
70
What is the value of -12 + 45 - (-59 - 8)?
100
Calculate -7 - (13 - ((10 - 47) + -2 - -7)).
-52
6 - 2 - 4 - ((-1 - 1) + -3)
5
What is the value of -6 + 0 + (28 - (19 - -40) - 16)?
-53
Calculate (16 - 38 - -35) + -54.
-41
What is (101 + -1 - 3) + 4 + -6 + 4482 + -4492?
85
What is the value of 25 + (15 - 47) + 50 - 40?
3
Calculate 64 + -103 + 25 + 79.
65
Evaluate 43 - ((-10 - (0 + 0)) + -372 + 379 - -1).
45
Evaluate -17 + (11 + 2 - (-3 - -17)) + 49.
31
Evaluate 14 - 35 - (20 - 35).
-6
What is (23 - 18) + ((0 - 2) + (-77 - -80) - 49)?
-43
(29 + -50 - -3) + 53
35
Calculate (-39 - (-21 + -42)) + -36.
-12
Calculate (-1 - -4) + -2 - (16 + -30) - 10.
5
(-10 - -9) + (82 - (12 + 0 - (-56 + 63)))
76
Evaluate -30 - (9 + -82 - 8).
51
Calculate 86 + -146 + 95 - (-6 - 1).
42
What is 56 - (-54 + (80 - -42))?
-12
-46 + (73 - (30 - 12))
9
Evaluate 67 - 27 - (-14 - -69).
-15
Calculate 19 - (-33 - (-34 - -5)).
23
What is the value of 77 - 48 - -14 - 48?
-5
What is 162 + -223 + (1 - -84)?
24
Calculate -35 + (49 - 23) + 19 + 4 + -18.
-4
What is the value of 27 + (37 - (-15 + 22)) + -14?
43
3 - (-1 - -1) - ((29 - 47) + 29)
-8
38 - (7 - (21 + -65))
-13
What is 0 + 14 + -7 + (8 - (22 + -22)) - 3?
12
What is 0 + 25 + (47 + -85 - -44)?
31
Evaluate 827 + -879 - (-27 + 1).
-26
7 - (15 + -7 + (-7 - -53) + (7 - 14))
-40
What is the value of (3 - (-1 - -2)) + 23 + (14 - 22) + 8?
25
Evaluate 12 - 14 - (8 + (-72 - (17 + -8))).
71
What is (-1 - -39) + 6 + 1 + 5 + (64 - 67)?
47
Evaluate 52 - (24 + -26 + -4 - (1 + -4)).
55
What is the value of -186 + (-95 - -117) + 97?
-67
Evaluate -37 - 55 - (7 - -5 - 1).
-103
Evaluate (64 - 78 - 53) + 78.
11
Calculate 25 + 526 + -519 + 0 + 8 + 4.
44
What is 2 + -32 + (16 - (-16 + (-7 - -27) + 17))?
-35
What is (-1 - -1) + -26 + 157 + 23 + -173?
-19
-22 + (10 - -2) + -50 + 53 - 94
-101
Evaluate 0 + 44 + 1 + -5 + (-10 - (-2 + -8)).
40
What is the value of 1 - 4 - -17 - (93 - (82 + 48))?
51
34 - 43 - (-15 + -2 + -2)
10
Calculate 10 + -32 - (-17 + 23 - -11).
-39
-3 + (2 - 5) + -21 + -3 + -17 + 4
-43
Evaluate -3 - (-22 + 0 - -5) - 56.
-42
What is (-10 - -61) + -17 + 1 + -4?
31
What is the value of (-182 + 194 + (-12 - 1) - -12) + 12?
23
What is (14 - 22) + 90 + 1 + (14 - 16 - -12)?
93
What is (-1 - 1) + (-6 - (30 - 6 - 13) - -55)?
36
Calculate -20 - (1 + (2 + -27 - -37)).
-33
What is -101 - ((-29 - -54) + -70)?
-56
Calculate -93 + -92 + -29 + 289.
75
What is the value of 2 + 20 - (24 - (4 - -3))?
5
9 + (-44 - -57) - 55
-33
226 - 213 - (9 + -14 + -8)
26
Calculate -3 + (4 - 1) - (28 + (20 - 40) + 64).
-72
Calculate -1 + 2 - (-221 - -149 - -22).
51
Evaluate 16 - (-8 - (-4 + 0 + (13 + -16 - -2))).
19
-19 + (1 - -1 - ((-27 - -3) + 34 + -4))
-23
What is the value of -17 + (16 - 5) + 50?
44
-14 - (78 + (38 + -16 - 7)) - (5 + 5)
-117
Evaluate -5 + (0 + 8 - -5) - 5 - -43.
46
(-32 - (-66 + 37)) + -56 - 14
-73
What is the value of -2 - ((14 - 15 - 6) + -1 + -37)?
43
What is the value of (5 - (3 + -5)) + -34 + 34?
7
What is -9 + -8 + 2 + 45 + -2?
28
Evaluate 32 + -13 + -5 + -27 - 2 - 6.
-21
(68 + -59 - (13 - (10 + -5))) + -3 - -45
43
What is -39 + 24 + 28 - 26?
-13
Evaluate 69 + (-277 - -108) + -22.
-122
(-2 - -12) + 134 + -129 + 12
27
Evaluate (-9 + -4 - -3) + 18.
8
What is -16 + (24 - 12 - -87) + -18 + -6?
59
What is the value of 41 - -1 - (1155 + -1082)?
-31
Calculate -76 + -21 + 79 + 43.
25
What is 2 + (1 - -17) + 3 - (-870 + 944)?
-51
Evaluate 55 + -2 + 38 + -98.
-7
0 + -72 + 464 + -410
-18
Evaluate (-9 - (2 + (-19 + -6 - -17))) + -75.
-78
Calculate -4 + (-43 - (-42 + 28)).
-33
86 + -37 + -17 + -10
22
What is the value of (14 + 2 - 4) + 1 - (222 + -242)?
33
Calculate (104 - 7) + (2 + 0 + 0 - (348 - 348)).
99
What is the value of 1 + -4 + 1 + 19 + (1385 - 1427)?
-25
-50 + 237 + -81 + -65
41
Calculate 43 - (40 + 5) - (-4 + 2 + 3).
-3
(1 + 19 - 6) + (-5 - (18 - 11)) + 94
96
Calculate -23 - (-18 - (18 + (-2 - 12))).
-1
What is the value of (-7 - (35 - 38)) + -80 + (-4 - -4)?
-84
-11 + 39 + -26 - (-27 + 8)
21
Evaluate -55 - (-3 + -31 + 12).
-33
What is 26 + 4 + (-4 - -22) + -85 + 79?
42
Calculate -28 - (-33 - -37 - -6).
-38
Calculate (-134 - -103 - -45) + (1 - 2) + 77.
90
Calculate -100 + 7 + ((2 - 0) + -10 - (-319 + 312)).
-94
Calculate 1004 + -999 - (-3 - (-1 - 0)).
7
Calculate -77 + 111 + -7 + 1.
28
Calculate -19 - (-15 - (13 - (8 - -10))) - (-49 + -3).
43
(53 + -99 - 81) + 62
-65
What is -2 + (-14 - (17 + -15)) - (55 - 9)?
-64
What is 12709 + -12717 + 21 + 1?
14
What is 42 + -51 - (45 + (4 - (6 + 1)))?
-51
Evaluate -3 + 21 + (-3 - (-1 - (4 - 6))).
14
Calculate 18 + -11 + 34 + (57 - 56).
42
What is -16 + (-8 - (-44 + 13 - -43))?
-36
What is the value of 1 + -16 - (124 + (4 - 154))?
11
Calculate (-1 - -95) + (-2 - 27) + -608 + 627.
84
What is the value of -124 - (-68 - 99 - -100)?
-57
What is 9 + 27 + 43 + -80?
-1
Calculate 77 + (20 - (-15 - -31)) + -19 - -8.
70
Calculate -629 + 627 - (1 + -46).
43
Calculate -9 + -77 + (-10 - 23) + 12 + 14.
-93
What is the value of 24 + 56 + -37 + -37?
6
0 - (-41 + 81 + -15 + 41)
-66
Calculate -16 - 1 - (11 + -41 + 0) - (0 + 42).
-29
Evaluate (0 - 3) + (-43 - (-46 + -61)) - (19 + -7).
49
Evaluate -49 + (-9 + 3 + -1 - (-242 - -222)).
-36
What is the value of 15 - 0 - (-800 - -781)?
34
Calculate 15 + (-150 - -85) + (2 - 4 - -3).
-49
What is 27 + -205 + 48 + 10?
-120
What is 71 + (4 - ((10 - -9) + -7 + 6))?
57
Evaluate (-10 - -31) + -22 - (20 + -2).
-19
What is 69 + (4 - (-11 + 15 + -12 - -9 - 3))?
75
Evaluate -5 + 5 + -4 + (300 - 327).
-31
Calculate 68 - (94 + -16 + -85).
75
Calculate 70 + -253 - (-33 - -6) - -27.
-129
16 + (-7 - (-10 + -9) - 17)
11
What is -1 + 1 + (-2 - -9) - (-96 + 108 - 23)?
18
Evaluate -79 + (-4 - 0) + (-10 - -2 - -30 - 12).
-73
What is the value of -174 - -182 - ((6 - (7 - 7 - -110)) + 0)?
112
What is 2 + -15 + 7 + (-4 - -6)?
-4
What is 0 + -1 + (26 - (27 - 7)) + -39?
-34
What is the value of -1 + 18 - (68 - (38 + 0)) - -96?
83
Calculate (1 - (3 + 4 - 5)) + (167 - 154) - -4.
16
Evaluate 73 + 27 + -7 + -35 + 1.
59
(83 - -8) + -51 + (-5 - -27)
62
(-3307 - -3249) + (4 - (-2 + (0 - -1)))
-53
What is the value of 8 + -10 - ((-64 - -75) + (35 - -5))?
-53
What is the value of 10 - ((-21 - 16) + 19) - 6?
22
Evaluate -11 - (-2 - -20 - (47 - 33)).
-15
-100 - (-32 + (-28 - -8))
-48
Evaluate (1 - -13 - (-225 - -294)) + (4 - 10) + 2.
-59
(-32 - (105 + -5)) + 68
-64
(-73 - (-23 + 5 + 0)) + 27
-28
What is -23 + (14 - 5) + 20 - 81?
-75
What is -5 - (-15 + 5 